 = -1 + 7. What is the highest common divisor of 36 and g?
6
Let p be (-4)/14 + (-46)/(-14). Suppose c - 35 = -5*q + 21, -4*c + 178 = -p*q. Let j be c + 1 - (3 + -4). What is the greatest common factor of 16 and j?
16
Suppose 3*d = -0*d + 15. Let t(h) = h**2 - 3*h + 2. Let m be t(d). Let z = -13 - -16. Calculate the greatest common divisor of m and z.
3
Let q(s) = -s**3 + 6*s**2 + 5*s + 4. Let j be q(5). Calculate the greatest common divisor of 6 and j.
6
Suppose 3*l + 1 = -4*q, 2*l + 5*q + 1 = 5. Let c be l/(-2)*(77 - -1). Calculate the greatest common divisor of 13 and c.
13
Suppose -2*k - 1 = 5*y - 17, -5*k + 10 = 5*y. Suppose -4 = -2*p + 3*p. Let l = y - p. What is the greatest common factor of l and 8?
8
Let l(c) = c**2 - c - 2. Let n be l(-3). Let a(d) = -d**3 - 10*d**2 - 11. Let o be a(-11). Calculate the greatest common factor of n and o.
10
Suppose -4*j + 375 = -237. Let r = 238 - j. What is the highest common divisor of 34 and r?
17
Let c be (-1)/1 - 3*-2. Let w = c + -4. Let f(v) = -v**3 + 6*v**2 - 5*v + 3. Let i be f(5). Calculate the greatest common factor of i and w.
1
Let l(v) = v**3 + 8*v**2 + 10*v + 1. Let m be l(-7). Let f = m - -65. What is the highest common factor of f and 9?
9
Suppose 3*p + 3*k - 63 = 0, -4*p = -5*k - 69 - 51. Calculate the greatest common divisor of p and 5.
5
Let w(d) = d**3 - 4*d**2 + d + 3. Let p be w(4). Suppose p*r - 110 = 2*r. What is the highest common factor of 11 and r?
11
Let z = -11 + 22. Let q(v) = 25*v**2 - 3*v - 7. Let p be q(-2). What is the greatest common factor of z and p?
11
Let s(r) be the second derivative of -r**3/6 + 2*r**2 + 4*r. Let x be s(0). Suppose 0 = -3*a + 5*a - x. What is the highest common divisor of a and 1?
1
Let l = -6 - -6. Suppose 4*d - 203 - 101 = l. What is the highest common divisor of 19 and d?
19
Suppose 17 = w - 11. What is the highest common factor of 4 and w?
4
Let g(n) = -5*n**3 + 2*n**2 - n - 3. Let y(v) = -v**3. Let q(f) = -g(f) + 4*y(f). Let u be q(3). What is the highest common factor of 135 and u?
15
Let t = -41 + 95. Calculate the highest common factor of 36 and t.
18
Let v = -61 - -68. Let o = 48 + 39. Suppose 3*g = -g - 3*q + o, 2*q = 2*g - 40. What is the greatest common divisor of g and v?
7
Let t = 25 + -15. Let b be -1 + 2 + 0 + t. What is the highest common divisor of b and 121?
11
Let t be ((-1104)/80)/((-2)/10). What is the highest common divisor of 3 and t?
3
Suppose 4*k = 4, -3*u - 4*k + 24 = 2*u. Suppose -y = -5*y + 60. Suppose 0 = b - y + 5. Calculate the greatest common factor of u and b.
2
Let p = 28 - 20. Calculate the greatest common factor of 24 and p.
8
Let a be -2*(-4)/(16/10). Let q = 12 - a. Let c(k) = -k**3 + k**2 + 42. Let o be c(0). What is the greatest common factor of q and o?
7
Let j be (4/10)/((-9)/(-180)). What is the greatest common divisor of j and 64?
8
Suppose 5*g = 2*g - 4*r + 66, g = 5*r + 22. Suppose -5*d + 0 = -4*f - 2, 2*f = -2*d + 8. Suppose -f*l = -l - g. Calculate the greatest common factor of 2 and l.
2
Let o = 138 - 104. What is the greatest common factor of 238 and o?
34
Let w(p) = 2*p - 3. Let s be w(3). Suppose -3*q - 4*x + 17 = 0, 3*q - 4*q + 3*x = 3. What is the greatest common divisor of q and s?
3
Suppose -4*u = 2*m, -2*u = -2*m - 4*u + 10. Calculate the highest common factor of m and 90.
10
Let c(z) = z**3 + 5*z**2 - 7*z + 1. Let y be c(-6). Suppose 0 = 3*o - 2*s - 179, -4*o - 3*s = o - 330. What is the highest common factor of o and y?
7
Let o = -15 - -22. Let l be o/2 + (-3)/6. Calculate the greatest common divisor of l and 3.
3
Let h(t) = 8*t - 1. Let o be h(-1). Let i be (21/o + 3)*18. Calculate the highest common divisor of i and 30.
6
Suppose 2*i + 0*i = 2*d + 92, 2*i + 4*d = 122. What is the highest common divisor of 17 and i?
17
Suppose 4*p + 10 = 50. Calculate the greatest common divisor of p and 10.
10
Suppose 0 = -2*m + 10, -4*d - 3*m + 4*m - 261 = 0. Let r = -34 - d. What is the greatest common factor of r and 20?
10
Let b be (9/18)/(1/(-8)). Let m = 7 - b. What is the highest common factor of 33 and m?
11
Let z = 193 - 105. Suppose 2*p - 11 - 21 = 0. Let b be p/((-2)/(0 - 1)). Calculate the highest common divisor of b and z.
8
Let z(p) = 15*p - 10. Let s be z(3). Calculate the greatest common divisor of 7 and s.
7
Suppose -18 = -9*x + 27. What is the greatest common factor of x and 15?
5
Let c(l) = l. Let v be 1/2 - (-5)/2. Let n be c(v). What is the greatest common divisor of n and 15?
3
Suppose 0 = 2*f + 7*f - 135. Calculate the greatest common divisor of 45 and f.
15
Suppose 458 = 5*r - 302. Let z = 383 - r. Let j be (-4)/14 + 298/14. Calculate the greatest common factor of j and z.
21
Let o(i) = i**3 - 3*i**2 + 4*i - 2. Let y be o(2). Suppose v + 6 = 3*v. What is the greatest common factor of y and v?
1
Let k = -16 + 24. What is the greatest common factor of 1 and k?
1
Let u be 1/4 + 86/8. Suppose u = c - 5. Let j be (3 + -6)/(6/(-64)). What is the highest common factor of j and c?
16
Suppose 0 = -s + 3*s - 72. Let f = s + -18. What is the greatest common factor of f and 12?
6
Let h(q) = -q**2 + 11*q - 13. Let s be h(9). What is the highest common divisor of s and 15?
5
Let f(d) = -12*d. Suppose -5*z - 10 = -u, 0 = 2*z - 2*u - 3 + 7. Let r be f(z). What is the highest common divisor of 8 and r?
8
Let w be (0 - -33) + 1/(-1). Let h(l) = l**2 - 7*l + 10. Let c be h(6). Calculate the greatest common divisor of w and c.
4
Suppose 0 = -3*a + 72 + 3. Let m = a + -7. Let b be 10*3*(-33)/(-5). What is the highest common divisor of m and b?
18
Let x(u) = 3*u**3 - 14*u**2 + 9*u - 4. Let i be x(5). Let c be 2/(-6) - (-201)/9. What is the greatest common factor of i and c?
22
Let z = -2 + 4. Let g = z - -4. Let k be (70/(-21))/((-4)/g). What is the greatest common divisor of k and 55?
5
Let d = -5 + 8. Suppose d*u + 14 = 80. What is the greatest common divisor of 242 and u?
22
Suppose -5*p + 35 = b, 3*b - b = -3*p + 21. What is the greatest common factor of 28 and p?
7
Let q = 42 - 32. Let p = -3 - -13. What is the greatest common divisor of q and p?
10
Suppose l + 5 = u, -3*u + u + 11 = -l. Calculate the highest common factor of u and 2.
2
Let j(o) = 10*o + 1. Let m be j(1). What is the highest common divisor of m and 77?
11
Let s = -10 - -14. Suppose -s*u + 4 = -4. Suppose -4*a + 5*z = -18, a - 3 = -0*a + u*z. Calculate the highest common factor of a and 28.
7
Suppose 2*a - 4*a + 64 = 0. Let p(b) = b**3 - 4*b**2 + 5*b - 2. Let q be p(3). What is the greatest common factor of a and q?
4
Let v be 0*(2 + (-15)/9). Let f be v/(4 - 0) - -28. Calculate the greatest common divisor of f and 7.
7
Let r be (4/28)/((-1)/(-7)). What is the greatest common divisor of 9 and r?
1
Let r(i) = i - 11. Let c be r(6). Let j be (-2)/10 - 21/c. What is the highest common divisor of j and 4?
4
Suppose -12 + 42 = 3*q. Suppose -4*j = k - 17, 2*k + 4 = 4*j - q. Calculate the highest common factor of j and 36.
4
Let l = 3 + 12. Calculate the greatest common factor of 75 and l.
15
Suppose 0 = 13*j - 2*j - 352. What is the highest common divisor of 8 and j?
8
Suppose j + 90 = 3*v, -v + 3*j = 2*v - 90. Calculate the greatest common divisor of 210 and v.
30
Let r be (-646)/(-9) - 14/(-63). Calculate the highest common factor of 48 and r.
24
Suppose n - 10 = 2*n. Let j be -3*6*n/6. Let f be (0 - -6)*(-30)/(-4). What is the highest common divisor of j and f?
15
Let v be ((-18)/2)/((-63)/84). Calculate the highest common factor of 132 and v.
12
Let i = 32 + -29. What is the highest common divisor of 6 and i?
3
Let y be -1 + (-7)/(14/4). Let z(u) = -u + 3. Let f be z(y). Suppose -2*h - 5*b + 18 = 0, -2*b = b. What is the highest common divisor of f and h?
3
Let b = -33 - -68. Calculate the greatest common factor of 245 and b.
35
Let w be 12/(-10)*(1 + -26). Suppose 3*k - 234 = -3*m, -2*k + 84 = -k + 3*m. What is the highest common divisor of k and w?
15
Suppose -j = 4*r + 13 - 2, -5*j - 21 = 3*r. Let b be (-2 - (2 - 31)) + r. What is the highest common divisor of b and 175?
25
Suppose -w + 17 = -2*d, w + 2*d - 5 + 0 = 0. Suppose 20 = 3*r - 1. Let a be 306/r + 4/14. What is the greatest common factor of w and a?
11
Let m(z) be the second derivative of -z**5/10 - z**4/3 + z**3 + 5*z**2/2 + z. Let y = -1 - 3. Let t be m(y). Ca